 288 and d.
36
Let z = 65 - -163. Calculate the highest common factor of z and 36.
12
Let n = -7 + 10. Suppose t = s + 43, 0*s + n = -s. What is the highest common divisor of t and 10?
10
Let u = -12 - -18. Suppose a + 2 = u. Suppose a*c = -c + 560. What is the highest common factor of 16 and c?
16
Let p = 54 - 52. Suppose 5*w - 73 = -p*q + 3, -2*w - 2*q = -28. What is the highest common factor of w and 112?
16
Let a(k) = 8*k + 8. Let c be a(22). Let v = -4 + c. Calculate the greatest common divisor of v and 72.
36
Let o = 18 + 3. Suppose -31*l + 34*l = o. Calculate the highest common factor of l and 14.
7
Suppose -2*g - 7 = -v, -2*v + 3 = 2*g - 17. What is the highest common divisor of 45 and v?
9
Suppose 0 = -26*d - 18*d + 264. Calculate the highest common factor of d and 69.
3
Let j(n) = n**3 + 5*n**2 - 7*n - 4. Let q be j(-6). Let i be (-2)/(-1) - (-3)/3. Let y = 6 - i. What is the greatest common factor of q and y?
1
Let k = 1157 - 1057. Calculate the highest common factor of 20 and k.
20
Let g = 76 + -56. Calculate the greatest common divisor of g and 50.
10
Suppose -2*m + 5*r + 250 = -0*m, r - 478 = -4*m. Let l = -5460 - -5490. What is the greatest common divisor of l and m?
30
Let k(m) = 5*m**2 - 9*m + 16. Let x be k(2). What is the highest common factor of x and 4?
2
Let v(o) = -38*o + 2. Let u be v(-3). Suppose c = 2*b + b - u, 0 = 3*b - 2*c - 112. Calculate the greatest common divisor of b and 120.
40
Let r = 127 + -124. What is the greatest common factor of r and 9?
3
Let v(q) = q**3 - 5*q**2 - 2*q + 6. Let b be v(6). Suppose -8*w = -11*w + b. Calculate the highest common factor of w and 25.
5
Suppose 10 = 5*g - 20. Let z(m) = 2*m**3 - 6*m**2 + 11*m - 4. Let r be z(4). What is the greatest common divisor of r and g?
6
Let o be (10/6)/((-1)/(-9)). Let d = 123 + -48. Calculate the greatest common divisor of d and o.
15
Suppose 362*m - 56 = 360*m. What is the greatest common factor of 98 and m?
14
Suppose 4*h = -4*a + 5*h + 13, 0 = -5*a + 4*h + 19. Suppose a*f - 24 = f. What is the greatest common factor of f and 84?
12
Let y be 3*(9/3 - -4). Calculate the greatest common divisor of y and 189.
21
Let q(i) = 11*i**2 + 7*i - 4. Let n be q(-4). Suppose -4*j - 2*g = -136, -5*j = -3*g + 6*g - 172. What is the highest common divisor of j and n?
16
Let t be (-1 - -9 - 3) + -2. Let h be (-5 + 11)/(t/(-20)). Let a be 6/8 + h/(-32). Calculate the greatest common divisor of 14 and a.
2
Let v = -35 - -63. Suppose 3*x + 4 = 4*x - 3*r, 0 = 2*x - 2*r - v. Let b = 25 + x. What is the highest common divisor of b and 11?
11
Let m(h) = 10*h + 2. Suppose -60 = -4*z - o, -5*z - 4*o = -62 - 13. Let b = 17 - z. Let y be m(b). What is the greatest common factor of y and 176?
22
Suppose -3*m - 5*n + 232 = 0, 15 = -4*m + 3*n + 363. Calculate the greatest common factor of m and 672.
84
Suppose 4*z - 12 + 3 = -r, 16 = -4*z. What is the greatest common factor of 5 and r?
5
Let g = -24 + 19. Let n(f) = -f**3 - 5*f**2 - 5*f - 3. Let y be n(g). Let q = 22 - 11. Calculate the highest common factor of q and y.
11
Suppose -y + 48 = 4. Let i = 154 + y. Calculate the greatest common divisor of 18 and i.
18
Let o be (-50)/((-6)/(-28) + 30/105). Let a = -83 - o. Calculate the highest common divisor of 204 and a.
17
Let z be -3 + 7 + -2 - 2. Suppose z*t - 113 = -4*f - 3*t, 72 = 3*f - 2*t. Let x be 0 + ((-208)/20)/((-2)/20). What is the greatest common factor of x and f?
26
Suppose 3*q + l = 32 + 22, 5*q - 82 = l. Let g = q - 17. Suppose g = 8*k - 5*k - 270. What is the highest common divisor of 60 and k?
30
Let h = -8395 - -8399. Suppose -2*j = -4*j + 88. What is the highest common factor of h and j?
4
Let d be (-2)/(-2) - (-66 + -2)/4. Calculate the greatest common divisor of 45 and d.
9
Let l(t) = 2*t**2 - 42*t + 51. Let i be l(20). Suppose -19 + 3 = -4*j. Suppose 0*m = -j*m + 220. Calculate the highest common factor of i and m.
11
Let l be 4980/420 + (-1)/(-7). Calculate the greatest common divisor of l and 36.
12
Let g = -197 + 252. Calculate the highest common divisor of 495 and g.
55
Let k be 1*6/12*18. Suppose k*c = 1895 + 481. Calculate the greatest common divisor of 66 and c.
66
Let m(u) = -u**2 + 3*u - 5. Let t be m(3). Let a be (3 + 17/t)*-40. Let g = -124 + 300. What is the highest common factor of g and a?
16
Suppose -f - 13 + 77 = 0. Let l = f + -49. Let d be ((-7)/(-4) - 1)*40. What is the greatest common factor of l and d?
15
Let o = -43 - -43. Suppose 0 = j - 3, o = -m + 5*j + 6 + 2. What is the greatest common factor of m and 138?
23
Let z = -115 - -65. Let n be (2 - z) + -2 + -2. Suppose 4*p + 26 = v - p, -2*v + 24 = -3*p. What is the highest common factor of n and v?
6
Suppose 6*v + 2*a - 62 = 3*v, 5*v - 95 = 5*a. Let o be (1 + 15)*(-2)/(-4). Let l = 22 + o. Calculate the greatest common divisor of v and l.
10
Let b = -34 + 25. Let h be 177/12 + b/12. Calculate the highest common divisor of h and 21.
7
Suppose 0 = -9*x + 4*x. Suppose x = -m - j + 64, 4*m - 155 = -2*j + 105. Suppose 5*n + 825 = 10*n. Calculate the greatest common divisor of m and n.
33
Let a = -511 - -987. What is the greatest common factor of a and 68?
68
Suppose -37 = -5*l + 2*n, -3*n + 38 = 2*l + 2*n. Let o = l - 6. Suppose -z + 4 = 3. Calculate the greatest common divisor of o and z.
1
Let b be 10/4 - (-28000)/64. Calculate the greatest common divisor of b and 40.
40
Let t(x) = -2*x**3 - 16*x**2 + 13*x - 27. Let r be t(-9). Calculate the highest common factor of 9 and r.
9
Suppose 27*s - 408 = -246. Let y(d) = -50*d**3 + 1. Let i be y(-1). Suppose i = 3*n + 6. Calculate the highest common factor of n and s.
3
Suppose 2*c = k + 83, 4*k + 4*c + 545 = 189. Let u be k/(-9) - 2/(-6). Suppose -5*s + s = -200. Calculate the highest common factor of u and s.
10
Let w be (1 - 2)/(8/(-176)). Calculate the greatest common factor of 275 and w.
11
Let r be (0 - -1)/(3/(-12)). Let n(v) = -v**3 - 4*v**2 - 2*v - 5. Let g be n(r). Suppose g*z = -z + 20. Calculate the greatest common divisor of 10 and z.
5
Suppose -3*x + 54 = 4*g, 0 = -7*x + 5*x - 2*g + 34. What is the greatest common factor of x and 21?
7
Let t(a) = 6*a**2 - 6*a - 8. Let h be t(-3). Suppose -4*u + h - 12 = 0. What is the greatest common factor of u and 13?
13
Suppose 52 - 12 = 5*m. Let f = m + -3. Suppose -27 = -f*q + 78. What is the greatest common divisor of 189 and q?
21
Suppose -204 = 6*t + 396. Let o = 124 + t. What is the highest common divisor of 16 and o?
8
Let b = 595 - -413. Calculate the greatest common divisor of 144 and b.
144
Let j(f) be the first derivative of -f**3/3 + 2*f - 7. Let n be j(0). Suppose -n*t + 3*t = 33. What is the greatest common factor of 3 and t?
3
Suppose -4*j = -2*g - 7*j + 9, 4*j + 56 = 3*g. Let c be (-1)/(-2) + 238/4. What is the greatest common factor of c and g?
12
Let j be (-720)/(-24)*3/2. Let u(g) = -2 + 3*g - 2*g + 7. Let f be u(13). Calculate the greatest common divisor of j and f.
9
Let v = 36 + -20. Suppose -3*p = -v + 4. What is the highest common factor of 16 and p?
4
Let q(m) = 72*m + 792. Let b be q(-10). Calculate the greatest common factor of b and 96.
24
Suppose 5*m = 5*g + 10, -m - 2*m = -4*g - 7. Suppose 10*t = -146 + 156. Calculate the highest common divisor of m and t.
1
Let a = 961 - 953. Calculate the greatest common divisor of 20 and a.
4
Suppose -2*j + 232 = 4*r, 0 = 2*r - 3*j - 30 - 78. Let c = 63 - -13. What is the highest common divisor of c and r?
19
Let s = 76 + -52. What is the highest common factor of s and 6?
6
Suppose 0 = -6*s + 2*s + 12. Let z be -1 - 20/(2 - s). Let g(a) = 18*a**2 - 63*a + 179. Let c be g(3). Calculate the greatest common divisor of c and z.
19
Let o(y) = y**3 + 18*y**2 + 21*y - 116. Let c be o(-16). What is the greatest common factor of c and 500?
20
Let x be 320 - -1 - 21/(42/(-6)). Calculate the highest common factor of 12 and x.
12
Let i = -80 - -84. Suppose -2*d - 62 = -5*d - 5*s, 0 = -i*d + 2*s + 74. What is the greatest common factor of 209 and d?
19
Let o(y) = y**3 + 7*y**2 - 2*y - 12. Let j be o(-7). Suppose j*z = s + 75, -3*s + 186 = 5*z - 6*s. Calculate the greatest common divisor of z and 13.
13
Let c(x) = 5*x**2 + 43*x - 20. Let z be c(-10). What is the greatest common divisor of 550 and z?
50
Let f(t) = 9*t - 17. Let k be f(9). 